 is -202121021001 + -12?
-202121021020
In base 2, what is 1001010001010000 - -1000110010001?
1010010111100001
In base 13, what is a1c + -128ab7?
-128098
In base 3, what is 11211 - 1212000210?
-1211211222
In base 3, what is -112100111102 + 10222?
-112100100110
In base 2, what is 1011101010 - -110000001111001111111?
110000010000101101001
In base 5, what is -33332 - 4314432?
-4403314
In base 15, what is 115d1 - -11?
115e2
In base 9, what is 4 - -1854212?
1854216
In base 4, what is -31121231221 + 1022?
-31121230133
In base 7, what is -2 + 133551101?
133551066
In base 10, what is 2446 + 2171?
4617
In base 10, what is -337695381 + -2?
-337695383
In base 16, what is e75 + -2f67?
-20f2
In base 5, what is 134044 - 23314?
110230
In base 2, what is 11011101111110010 + 100010011001?
11100010010001011
In base 15, what is 24ec - -2a01?
4eed
In base 14, what is 908426 - 3?
908423
In base 10, what is -265377 + -209?
-265586
In base 2, what is -1110100011111111101 + 1111?
-1110100011111101110
In base 15, what is -7a9 - -1d933?
1d179
In base 10, what is 19354191 - 0?
19354191
In base 10, what is -1581930 - -124?
-1581806
In base 7, what is 1042 + -3321?
-2246
In base 14, what is 0 + 6749026?
6749026
In base 7, what is -32 + -2011020?
-2011052
In base 12, what is -41ba4 + 264?
-41940
In base 12, what is 1296 + -6131?
-4a57
In base 7, what is -450310 + 1163?
-446114
In base 5, what is 0 - -302310440121?
302310440121
In base 16, what is -1724 - 1fc?
-1920
In base 12, what is 2 + 35bb35a?
35bb360
In base 15, what is 37c0a37 - -25?
37c0a5c
In base 3, what is 21111 - -10012200022?
10012221210
In base 11, what is -355193 + -212?
-3553a5
In base 14, what is 3382d + -4?
33829
In base 5, what is -11 + -4424320103?
-4424320114
In base 14, what is 2b164572 + 5?
2b164577
In base 3, what is 1220021 - -11210022020?
11212012111
In base 9, what is -43827 + 680?
-43137
In base 12, what is a3120 - 31?
a30ab
In base 14, what is 5 - -61a3a1?
61a3a6
In base 13, what is 13a2b0 - 59?
13a254
In base 8, what is -363332 - -3745?
-357365
In base 5, what is 10 - -20304242400?
20304242410
In base 13, what is 3a2b8 - -c6?
3a3b1
In base 11, what is 12639 - -641?
1317a
In base 8, what is -1727 - -77676?
75747
In base 3, what is -11110012202202121 + 10?
-11110012202202111
In base 14, what is d292a0d - 5?
d292a08
In base 8, what is 12171103 + -3?
12171100
In base 10, what is 39338489 - -1?
39338490
In base 3, what is -201221 - -21022011?
20120020
In base 7, what is -11 + -12000243?
-12000254
In base 14, what is -12 - -97946?
97934
In base 2, what is 100111110111001110011 - -1010011?
100111110111011000110
In base 7, what is -21 + -130665553?
-130665604
In base 3, what is 120210002200002 - 11?
120210002122221
In base 14, what is -83 - -470c?
4669
In base 8, what is 20 - 54002451?
-54002431
In base 7, what is 51036 - -30533?
111602
In base 7, what is 54003 + 310?
54313
In base 10, what is 47532 - -451?
47983
In base 16, what is -4 + -8c85e0?
-8c85e4
In base 2, what is 11 + 111100011111111110001?
111100011111111110100
In base 2, what is 1101010100001111 - -110111?
1101010101000110
In base 12, what is 77642b + 10?
77643b
In base 5, what is -4143 - 1222120?
-1231313
In base 9, what is -2763 - -5428?
2555
In base 3, what is -2 - 100101111000200?
-100101111000202
In base 7, what is 6661113 - 31?
6661052
In base 10, what is 4 + -59614827?
-59614823
In base 10, what is 123143 + 117?
123260
In base 4, what is -333 + 303030322?
303023323
In base 9, what is 0 - -228281?
228281
In base 6, what is 53 - 423441?
-423344
In base 12, what is 100354 - -b2?
100446
In base 11, what is 4 + -12935021?
-12935018
In base 12, what is 2814 - 710b8?
-6a4a4
In base 12, what is -34a4 + 3b7b6?
38312
In base 14, what is -5 - -2bb5acc?
2bb5ac7
In base 5, what is -34121400 + -1341?
-34123241
In base 8, what is -2657220560 - 5?
-2657220565
In base 6, what is -34341 + -4235240?
-4314021
In base 16, what is -2e - 8fa349?
-8fa377
In base 4, what is -11033130212 + 333?
-11033123213
In base 9, what is 14173633 + -5?
14173627
In base 16, what is -163 - -3b75?
3a12
In base 5, what is -3 + -1311014140?
-1311014143
In base 13, what is 77 + -318980?
-318906
In base 4, what is 2322320130 + -13?
2322320111
In base 3, what is 12110111 - -20012200?
102200011
In base 9, what is -177550 + -78?
-177638
In base 3, what is 1212 + -210122221?
-210121002
In base 12, what is 777946b - -1?
7779470
In base 15, what is 135a - 2d0d4?
-2bc79
In base 7, what is -2520 - -1262555?
1260035
In base 14, what is -29 + 16051?
16026
In base 4, what is -21 + 3313003302?
3313003221
In base 4, what is -11331113132 - 0?
-11331113132
In base 13, what is c4 + a8a2?
a996
In base 11, what is 44011524 + 3?
44011527
In base 3, what is 1012222122122000 + -101?
1012222122121122
In base 9, what is 40178 + -58744?
-18555
In base 12, what is -6b28335 + -1?
-6b28336
In base 13, what is 26a642 + 4?
26a646
In base 15, what is -1 - a7aa012?
-a7aa013
In base 4, what is 1313 - 220221331?
-220220012
In base 13, what is 26235 - 2c4?
25c41
In base 16, what is -ae9 + -39f?
-e88
In base 16, what is 9 + -5cfa5?
-5cf9c
In base 11, what is 1674a012 - -3?
1674a015
In base 10, what is 702679 + -164?
702515
In base 11, what is -12210 + -14?
-12224
In base 8, what is -10 - 1776230?
-1776240
In base 5, what is -1 - 3243042101?
-3243042102
In base 16, what is -8187 + 2e34?
-5353
In base 5, what is 22404004321 + -2?
22404004314
In base 8, what is -3 + 613445?
613442
In base 14, what is -19159 - 861?
-199ba
In base 10, what is 204 + -742449?
-742245
In base 6, what is 220 + 120055314?
120055534
In base 5, what is 1023432 - 433422?
40010
In base 10, what is 3626663 - 15?
3626648
In base 6, what is 331012422 + -11?
331012411
In base 9, what is -177532830 + 3?
-177532826
In base 3, what is -2022 - 222121122122?
-222121201221
In base 4, what is 0 - -230210011?
230210011
In base 12, what is -77 + -62689?
-62744
In base 7, what is 0 - -120014062?
120014062
In base 13, what is 4049905 - 5?
4049900
In base 8, what is 7747 + -441?
7306
In base 5, what is 4 + -403431210?
-403431201
In base 8, what is 164 + 773415?
773601
In base 6, what is -341142034 + 1?
-341142033
In base 8, what is -24363345 - 207?
-24363554
In base 14, what is -ab + -12dc1a?
-12dcc7
In base 12, what is -1b17 + -2208?
-4123
In base 15, what is -5b - -87cc6?
87c6a
In base 3, what is -2 - 2100221011021121?
-2100221011021200
In base 12, what is -10a - 58920?
-58a2a
In base 7, what is -46452031 + 101?
-46451630
In base 6, what is 131325340 + -11?
131325325
In base 7, what is 0 + -233401560?
-233401560
In base 11, what is 18 - -1803737?
1803754
In base 8, what is -457 - -54506?
54027
In base 16, what is -50f9 + 6f4?
-4a05
In base 11, what is -78625a - -4?
-786256
In base 3, what is 0 - 101112222101012?
-101112222101012
In base 13, what is 1861700 - 0?
1861700
In base 3, what is 12012120121112220 - 12?
12012120121112201
In base 12, what is 5b + 7a4a?
7aa9
In base 10, what is 2 - 3972263?
-3972261
In base 16, what is -20e + 3551?
3343
In base 7, what is -136203200 - -4?
-136203163
In base 15, what is 6 - -10ed144a?
10ed1451
In base 15, what is -1315 - 367c?
-4992
In base 14, what is -43d50a - -13?
-43d4d7
In base 7, what is 4 - -22264535?
22264542
In base 13, what is -4 - -c511a3?
c5119c
In base 10, what is 3655 - 95014?
-91359
In base 2, what is 1110110 - -110000111100010011100111?
110000111100010101011101
In base 4, what is 2021 - 3310100233?
-3310032212
In base 12, what is 8a2 - -6675b?
67441
In base 12, what is 24170 + 125?
24295
In base 16, what is 2 - -7558c?
7558e
In base 10, what is -153 + 1906832?
1906679
In base 4, what is -102032130 + -122121?
-102220311
In base 13, what is 7136b + 2b7?
71655
In base 11, what is -122 + 11165?
11043
In base 8, what is 2246022756 + 2?
2246022760
In base 4, what is 313301102 - 23113?
313211323
In base 16, what is f820f88 + 3?
f820f8b
In base 11, what is -813723 - 1?
-813724
In base 15, what is -140b6b + 4?
-140b67
In base 2, what is -11111111111 + -10011100101001111?
-10100000101001110
In base 5, what is -201340 + -1341?
-203231
In base 15, what is 1e64c27 + 3?
1e64c2a
In base 13, what is -1ca - 8328a?
-83487
In base 14, what is -3 + -19b0a0?
-19b0a3
In base 10, what is -1 + 101429911?
101429910
In base